{"id":100,"date":"2021-08-25T10:32:04","date_gmt":"2021-08-25T10:32:04","guid":{"rendered":"https:\/\/gh-bitz.de\/?page_id=100"},"modified":"2023-01-21T19:14:28","modified_gmt":"2023-01-21T19:14:28","slug":"tierheilung","status":"publish","type":"page","link":"https:\/\/gh-bitz.de\/index.php\/tierheilung\/","title":{"rendered":"Tierheilung"},"content":{"rendered":"\r\n<p>Genau wie beim Menschen, kann Reiki bzw. verschiedene Methoden der Energiearbeit auch beim Tier zur Heilung angewendet werden. K\u00f6rper, Geist und Seele werden wieder ins Gleichgewicht gebracht und Blockaden aufgel\u00f6st. Die Selbstheilungskr\u00e4fte k\u00f6nnen so wieder aktiviert werden. Dies kann sowohl als Fernheilung oder auch vor Ort erfolgen. Tiere sind sehr sensible Wesen, die oft auch den Zustand von uns Menschen widerspiegeln. Daher macht es in vielen F\u00e4llen Sinn, nicht nur das Tier, sondern auch den Menschen zu behandeln.<\/p>\r\n<p><img loading=\"lazy\" decoding=\"async\" class=\"alignright wp-image-334\" src=\"https:\/\/gh-bitz.de\/wp-content\/uploads\/2021\/09\/DSC_1954-683x1024.jpg\" alt=\"Tierheilung\" width=\"316\" height=\"473\" srcset=\"https:\/\/gh-bitz.de\/wp-content\/uploads\/2021\/09\/DSC_1954-683x1024.jpg 683w, https:\/\/gh-bitz.de\/wp-content\/uploads\/2021\/09\/DSC_1954-200x300.jpg 200w, https:\/\/gh-bitz.de\/wp-content\/uploads\/2021\/09\/DSC_1954-768x1152.jpg 768w, https:\/\/gh-bitz.de\/wp-content\/uploads\/2021\/09\/DSC_1954-1024x1536.jpg 1024w, https:\/\/gh-bitz.de\/wp-content\/uploads\/2021\/09\/DSC_1954-1365x2048.jpg 1365w, https:\/\/gh-bitz.de\/wp-content\/uploads\/2021\/09\/DSC_1954-scaled.jpg 1706w\" sizes=\"auto, (max-width: 316px) 100vw, 316px\" \/><\/p>\r\n\r\n\r\n\r\n<p>Geistheilung und Energiearbeit f\u00fcr alle Tierearten ist hilfreich zum Beispiel bei allen Arten von Krankheiten, Traumata, Verhaltensst\u00f6rungen, Unruhe, Angst, Schmerzen und vieles mehr.<\/p>\r\n\r\n\r\n\r\n<p>Wie verl\u00e4uft eine Tierheilanwendung?&nbsp;<\/p>\r\n\r\n\r\n\r\n<p>Bei einer Fernheilanwendung ben\u00f6tige ich ein Bild von Ihrem Tier, Name und Alter. Ich verbinde mich w\u00e4hrend meiner Heilarbeit mit der Seele des Tieres, sowie mit dem Universum, den Engeln und auch mit verschiedenen aufgestiegenen Meistern und empfange Informationen in Form von Bildern, Worten, Gef\u00fchlen&#8230; Hierbei diene ich als Heil-und Lichtkanal.<\/p>\r\n\r\n\r\n\r\n<p>Die Heilenergien flie\u00dfen solange wie es zum h\u00f6chsten Wohle des Tieres dient und soviel wie es auch zulassen und verkraften kann. Wie bei uns Menschen auch.&nbsp;<\/p>\r\n\r\n\r\n\r\n<p>Es werden alle Energiezentren gereinigt und ausbalanciert, die Energiek\u00f6rper gereinigt und s\u00e4mtliche emotionalen und krankmachenden Schlacken und Giftstoffe transformiert. Blockaden werden gel\u00f6st und transformiert. Manchmal sind mehrere Anwendungen hilfreich und auch empfehlenswert, gerade bei schwierigen und langwierigen Problemen.<\/p>\r\n\r\n\r\n\r\n\r\n\r\n<p><strong>&#8220;Willst Du den K\u00f6rper heilen, musst Du zuerst die Seele heilen.&#8221;<\/strong><br>(Platon)<\/p>\r\n\r\n\r\n\r\n<p>Wenn hier von Heilung gesprochen wird, handelt es sich nicht um Heilung im medizinischen Sinn. Sie ersetzt nicht den Besuch eines Arztes oder Heilpraktikers.<\/p>\r\n","protected":false},"excerpt":{"rendered":"<p>Genau wie beim Menschen, kann Reiki bzw. verschiedene Methoden der Energiearbeit auch beim Tier zur Heilung angewendet werden. K\u00f6rper, Geist und Seele werden wieder ins Gleichgewicht gebracht und Blockaden aufgel\u00f6st. Die Selbstheilungskr\u00e4fte k\u00f6nnen so wieder aktiviert werden. Dies kann sowohl als Fernheilung oder auch vor Ort erfolgen. Tiere sind sehr sensible Wesen, die oft auch &hellip; <\/p>\n<p class=\"link-more\"><a href=\"https:\/\/gh-bitz.de\/index.php\/tierheilung\/\" class=\"more-link\">Continue reading<span class=\"screen-reader-text\"> &#8220;Tierheilung&#8221;<\/span><\/a><\/p>\n","protected":false},"author":1,"featured_media":0,"parent":0,"menu_order":0,"comment_status":"closed","ping_status":"closed","template":"","meta":{"ngg_post_thumbnail":0,"footnotes":""},"class_list":["post-100","page","type-page","status-publish","hentry"],"_links":{"self":[{"href":"https:\/\/gh-bitz.de\/index.php\/wp-json\/wp\/v2\/pages\/100","targetHints":{"allow":["GET"]}}],"collection":[{"href":"https:\/\/gh-bitz.de\/index.php\/wp-json\/wp\/v2\/pages"}],"about":[{"href":"https:\/\/gh-bitz.de\/index.php\/wp-json\/wp\/v2\/types\/page"}],"author":[{"embeddable":true,"href":"https:\/\/gh-bitz.de\/index.php\/wp-json\/wp\/v2\/users\/1"}],"replies":[{"embeddable":true,"href":"https:\/\/gh-bitz.de\/index.php\/wp-json\/wp\/v2\/comments?post=100"}],"version-history":[{"count":10,"href":"https:\/\/gh-bitz.de\/index.php\/wp-json\/wp\/v2\/pages\/100\/revisions"}],"predecessor-version":[{"id":480,"href":"https:\/\/gh-bitz.de\/index.php\/wp-json\/wp\/v2\/pages\/100\/revisions\/480"}],"wp:attachment":[{"href":"https:\/\/gh-bitz.de\/index.php\/wp-json\/wp\/v2\/media?parent=100"}],"curies":[{"name":"wp","href":"https:\/\/api.w.org\/{rel}","templated":true}]}}