{"id":81,"date":"2021-08-25T10:28:56","date_gmt":"2021-08-25T10:28:56","guid":{"rendered":"https:\/\/gh-bitz.de\/?page_id=81"},"modified":"2021-09-18T10:49:21","modified_gmt":"2021-09-18T10:49:21","slug":"geistige-begradigung","status":"publish","type":"page","link":"https:\/\/gh-bitz.de\/index.php\/geistige-begradigung\/","title":{"rendered":"Geistige Begradigung"},"content":{"rendered":"\r\n<p>Mehr als 70% aller Erwachsenen und bereits viele Kinder und Jugendliche leiden unter Beschwerden des Bewegungsapparates.<\/p>\r\n\r\n\r\n\r\n<p>Eine kleine Auswahl von Symptombildern, bei denen sich die Geistige Wirbels\u00e4ulenaufrichtung als hilfreich erwiesen hat:<\/p>\r\n\r\n\r\n\r\n<p>R\u00fcckenschmerzen, Bandscheibenvorfall, Skoliose, Ischiasschmerzen, Beckenschiefstand, Beinl\u00e4ngendifferenz, Schulterschmerzen, Knieschmerzen, Kniegelenkarthrose, Schiefhals, H\u00fcftgelenksarthrose, Schulter-Arm-Syndrom, Entwicklungsst\u00f6rungen, Bluthochdruck, Migr\u00e4ne, AD(H)S, Verdrehungen, Morbus Bechterew, Tennisarm, Muskelschmerzen, Gleichgewichtsst\u00f6rungen, Sportverletzungen, Tinnitus, Kiefergelenk-Probleme, Herzrhythmusst\u00f6rungen, Folgen von Unf\u00e4llen, k\u00f6rperliche und seelische Verletzungen&#8230;<\/p>\r\n<p><img loading=\"lazy\" decoding=\"async\" class=\"wp-image-409  alignright\" src=\"https:\/\/gh-bitz.de\/wp-content\/uploads\/2021\/09\/Screenshot-2021-09-18-123810-620x1024.png\" alt=\"Geistige Begradigung\" width=\"316\" height=\"522\" srcset=\"https:\/\/gh-bitz.de\/wp-content\/uploads\/2021\/09\/Screenshot-2021-09-18-123810-620x1024.png 620w, https:\/\/gh-bitz.de\/wp-content\/uploads\/2021\/09\/Screenshot-2021-09-18-123810-182x300.png 182w, https:\/\/gh-bitz.de\/wp-content\/uploads\/2021\/09\/Screenshot-2021-09-18-123810-768x1268.png 768w, https:\/\/gh-bitz.de\/wp-content\/uploads\/2021\/09\/Screenshot-2021-09-18-123810.png 778w\" sizes=\"auto, (max-width: 316px) 100vw, 316px\" \/><\/p>\r\n\r\n\r\n\r\n<p>Alle Organe, Dr\u00fcsen und Systeme unseres K\u00f6rpers sind mit der Wirbels\u00e4ule verbunden. Sie ist das tragende Element unseres Skelettes und zust\u00e4ndig f\u00fcr die komplexe Weiterleitung von Nervenimpulsen und Botenstoffen zwischen den Schalt-und Steuerzentren im Gehirn und ausf\u00fchrenden Organen. Auf der feinstofflichen Ebene \u00fcbernimmt die Wirbels\u00e4ule die Funktion eines Erinnerungsspeichers, so lange, bis sie nicht mehr stumm bleiben kann und durch Schmerzen Aufmerksamkeit erzielen will.<\/p>\r\n\r\n\r\n\r\n<p>Die Aufrichtung geschieht durch die Ursch\u00f6pfungskraft und erfolgt in Sekundenschnelle. Der physische K\u00f6rper wird dabei nicht ber\u00fchrt. Die g\u00f6ttliche Ordnung wird in dem aufgerichteten System wiederhergestellt.<\/p>\r\n\r\n\r\n\r\n<p>Jede Wirbels\u00e4ulenaufrichtung bei mir umfasst ein Vorgespr\u00e4ch mit Problem-Schilderung, sowie eine Energieanwendung mit REIKI<\/p>\r\n\r\n\r\n\r\n<p>Dauer ca. 1 &#8211; 1,5 Stunden<\/p>\r\n\r\n\r\n\r\n<p>Oft m\u00fcssen auch gewisse Verankerungen aus der Vergangenheit aus dem Mentalk\u00f6rper gel\u00f6scht werden, da sie die Selbstheilungskr\u00e4fte wieder vermindern k\u00f6nnen. Heilung ist ein Prozess der Geduld und Zeit braucht, bis die Ursachenkette ver\u00e4ndert ist und der Mensch wieder auf seine Selbstheilungskr\u00e4fte vertraut.<\/p>\r\n\r\n\r\n\r\n<p>Die geistige Begradigung ist auch ein wunderbares Werkzeug in der Sterbebegleitung. Die Menschen k\u00f6nnen loslassen, entspannen und leichter hin\u00fcbergleiten.<\/p>\r\n\r\n\r\n\r\n<p>Wenn die Zeit Reif ist, ver\u00e4ndern sich die Dinge. Jeder Mensch entscheidet selbst, ob die Zeit f\u00fcr ihn reif ist, geistige Aufrichtung zu erfahren.<\/p>\r\n\r\n\r\n\r\n<p><strong>&#8220;Meine Mission, sollte ich mich entscheiden, sie anzunehmen,&nbsp;ist es,<br>Frieden mit genau dem zu finden, wer und was ich bin.<br>Meine Gedanken, mein Aussehen, meine Talente, meine Fehler<br>w\u00fcrdevoll&nbsp;wie respektvoll zu betrachten und mit dieser<br>unaufh\u00f6rlichen Sorge aufzuh\u00f6ren, dass ich nicht so geliebt werden kann,<br>wie ich bin.&#8221;<\/strong><br>(Anais Nin, am. Schriftstellerin)<\/p>\r\n\r\n\r\n\r\n<p>&nbsp;<\/p>\r\n\r\n\r\n\r\n<p>Wenn hier von Heilung gesprochen wird, handelt es sich nicht um Heilung im medizinischen Sinn. Sie ersetzt nicht den Besuch eines Arztes oder Heilpraktikers.<\/p>\r\n<p>&nbsp;<\/p>\r\n<p>&nbsp;<\/p>\r\n","protected":false},"excerpt":{"rendered":"<p>Mehr als 70% aller Erwachsenen und bereits viele Kinder und Jugendliche leiden unter Beschwerden des Bewegungsapparates. Eine kleine Auswahl von Symptombildern, bei denen sich die Geistige Wirbels\u00e4ulenaufrichtung als hilfreich erwiesen hat: R\u00fcckenschmerzen, Bandscheibenvorfall, Skoliose, Ischiasschmerzen, Beckenschiefstand, Beinl\u00e4ngendifferenz, Schulterschmerzen, Knieschmerzen, Kniegelenkarthrose, Schiefhals, H\u00fcftgelenksarthrose, Schulter-Arm-Syndrom, Entwicklungsst\u00f6rungen, Bluthochdruck, Migr\u00e4ne, AD(H)S, Verdrehungen, Morbus Bechterew, Tennisarm, Muskelschmerzen, Gleichgewichtsst\u00f6rungen, Sportverletzungen, Tinnitus, &hellip; <\/p>\n<p class=\"link-more\"><a href=\"https:\/\/gh-bitz.de\/index.php\/geistige-begradigung\/\" class=\"more-link\">Continue reading<span class=\"screen-reader-text\"> &#8220;Geistige Begradigung&#8221;<\/span><\/a><\/p>\n","protected":false},"author":1,"featured_media":0,"parent":0,"menu_order":0,"comment_status":"closed","ping_status":"closed","template":"","meta":{"ngg_post_thumbnail":0,"footnotes":""},"class_list":["post-81","page","type-page","status-publish","hentry"],"_links":{"self":[{"href":"https:\/\/gh-bitz.de\/index.php\/wp-json\/wp\/v2\/pages\/81","targetHints":{"allow":["GET"]}}],"collection":[{"href":"https:\/\/gh-bitz.de\/index.php\/wp-json\/wp\/v2\/pages"}],"about":[{"href":"https:\/\/gh-bitz.de\/index.php\/wp-json\/wp\/v2\/types\/page"}],"author":[{"embeddable":true,"href":"https:\/\/gh-bitz.de\/index.php\/wp-json\/wp\/v2\/users\/1"}],"replies":[{"embeddable":true,"href":"https:\/\/gh-bitz.de\/index.php\/wp-json\/wp\/v2\/comments?post=81"}],"version-history":[{"count":14,"href":"https:\/\/gh-bitz.de\/index.php\/wp-json\/wp\/v2\/pages\/81\/revisions"}],"predecessor-version":[{"id":411,"href":"https:\/\/gh-bitz.de\/index.php\/wp-json\/wp\/v2\/pages\/81\/revisions\/411"}],"wp:attachment":[{"href":"https:\/\/gh-bitz.de\/index.php\/wp-json\/wp\/v2\/media?parent=81"}],"curies":[{"name":"wp","href":"https:\/\/api.w.org\/{rel}","templated":true}]}}